- 2*r. Let w(j) = -j**3 + j**2 + j + 54. What is the remainder when w(z) is divided by s(0)?
10
Let h(p) = -p**3 - 4*p**2 - 5*p - 4. Suppose 267 = 72*o + 58*o - 41*o. What is the remainder when o is divided by h(-3)?
1
Let k be 14/196*0 + (1 - 7). What is the remainder when (-76)/57*(-1 - (-273)/k) is divided by 9?
8
Let i be 8 + 4/(-2) - -2. Suppose 483 = -2*q + 569. Let w = i + q. What is the remainder when w is divided by 27?
24
Let i(w) = -w**3 + 23*w**2 - 30*w - 69. Calculate the remainder when 548 is divided by i(21).
182
Suppose -4*w - 501 + 2453 = 3*z, -4498 = -7*z + 2*w. Calculate the remainder when 1934 is divided by z.
2
Let a be 30/((-6)/10 - -1). Suppose 4*d = -i + a, -4*d - d + 95 = i. Calculate the remainder when d is divided by (-1)/(-2)*-5*(-82 - -76).
5
Suppose 131 + 0 = 2*d - 5*j, 70 = d - 4*j. What is the remainder when 6144 is divided by d?
54
Suppose -5299 = -24*d + 31*d. Let u = d - -972. What is the remainder when u is divided by 27?
26
Let a = 1998 + -1895. Suppose 130 = 2*q + 3*q. What is the remainder when a is divided by q?
25
Let m(o) = 5*o**3 - 18*o**2 + 40*o - 29. Let l(s) = s**3 - s**2 + s - 1. Let g(d) = -4*l(d) + m(d). What is the remainder when g(11) is divided by 3?
2
Let x = -1110 + 2765. What is the remainder when x/40 + 6/(-16) is divided by 22?
19
Let y(c) = -c**2 + 39*c - 93. Let m(i) = 3*i - 1. Let o be m(12). Calculate the remainder when y(o) is divided by 20.
7
Suppose -3*k + 5*b = -321, -b = 2*k + 3*b - 236. Suppose 23*x - 91 = 317 + 397. What is the remainder when k is divided by x?
7
Let t be (-18)/108 - (-2)/12. Let q be t/(0/(-2) + 4). Suppose -3*d + 264 - 93 = q. What is the remainder when d is divided by 15?
12
Suppose -5*y + 3*n + 150 = 0, -n = 4*y - 57 - 63. Suppose 0 = l - 72 + y. What is the remainder when l is divided by 9?
6
Suppose 0 = 19*g - 10*g - 180. Calculate the remainder when 543 is divided by g.
3
Suppose 0 = -5*l - 10, -4 - 1 = -3*n + l. Suppose -27 = -v - 2*b - 3*b, -v + 4*b + 45 = 0. Let q = -26 + v. What is the remainder when q is divided by n?
0
Let i = 17277 + -16493. What is the remainder when i is divided by 8?
0
Suppose c + o - 96 = 0, -3*c + 4*o + 221 = -81. Calculate the remainder when c is divided by 29.
11
Suppose 11*y + 3*m = 6*y + 554, 570 = 5*y - 5*m. Suppose -6*t - 3*r = -147 - 102, 3*r - 132 = -3*t. What is the remainder when y is divided by t?
34
Let o be (((-139)/(-2))/((-10)/20))/(-1). Let x = o - 109. Calculate the remainder when x is divided by 1 + (16 - 3) + 2.
14
Let v = -47 - -77. Calculate the remainder when 78 + (-23 + 19 - -39) is divided by v.
23
Let b = 3113 + -3106. Suppose -2*r + 4*i - 8 = 0, i - 2 - 1 = 0. What is the remainder when 14 is divided by (5/r)/(b/14)?
4
Let i = -1341 - -1944. What is the remainder when i is divided by 13?
5
Suppose 0 = 3*k + 2*k + 100. Let f = 171 + -78. Calculate the remainder when f is divided by (-8)/5*k/2.
13
What is the remainder when (-24)/(-20) + (-11 - 301719/(-55)) + -7 is divided by 1822?
3
Suppose 9 = -4*q + 1, 0 = u + 3*q + 146. Let l = u - -178. Let i(s) = 37*s - 2. What is the remainder when i(2) is divided by l?
34
Let z(h) = h**3 + 12*h**2 - 2 - 4 - 17*h + 10*h + 9*h. Let x = 8 - 13. What is the remainder when z(x) is divided by 27?
24
Suppose -3*l - 244 = 194. Let k = 244 + l. Suppose n - 103 = -4*s, 4*s + 0*n + 2*n - k = 0. What is the remainder when s is divided by 17?
10
Suppose -3*q - 270 = 3*r, 2*q + 365 = -4*r + 5. Let k be 10/15*(r/(-4))/5. Calculate the remainder when 23 is divided by k + (2 + -1 - -2).
5
Let h(f) = 4*f - 14. Let n be h(4). Suppose 0 = -2*k - n*k + 4*i - 264, 0 = -4*i - 4. Let q = -41 - k. What is the remainder when 74 is divided by q?
22
Let n = -42 + 74. Let a = 41 + -39. Suppose a*o + 60 = 5*i, -i + o = -6 - 6. Calculate the remainder when n is divided by i.
8
Let q(g) = -g**2 - 7*g + 6. What is the remainder when (3 - -2)*((-756)/(-20) + (13 - 15)) is divided by q(-6)?
11
Let g = 3025 - 3020. Let q(k) = 20*k + 4. Let p be q(3). Suppose -p = h - g*h. What is the remainder when 26 is divided by h?
10
Suppose -10*o = -792 + 182. What is the remainder when 165/(-22)*(-46)/3 is divided by o?
54
Let v(i) = i**3 - 9*i**2 - 10*i + 112. What is the remainder when 193 is divided by v(9)?
17
Let i(h) = 1314*h**2 - 30*h - 66. Calculate the remainder when i(-2) is divided by 17.
14
Let s = 6423 - 6320. What is the remainder when 532 is divided by s?
17
Suppose -25*o = -18 - 107. Let m(w) = 3*w**3 - 12*w**2 + 6*w + 31. Calculate the remainder when m(o) is divided by 20.
16
Let k = 5003 + -4884. What is the remainder when 354 is divided by k?
116
Let y(a) be the first derivative of -a**3/3 + 11*a**2 - 35*a + 59. Calculate the remainder when y(14) is divided by 20.
17
Suppose -9*i - 88 = -11*i. Let u = i + -39. Suppose 6*y - 128 = y + k, 134 = u*y - 3*k. What is the remainder when y is divided by 13?
12
Suppose -104 + 464 = 4*c. Let q = 184 + -114. Suppose 2*n = 4*m + q, 196 = 4*n - 4*m + 64. Calculate the remainder when c is divided by n.
28
Let j(k) = -25*k - 1. Let x(w) = -w**3 + 27*w**2 + 137*w - 306. What is the remainder when x(31) is divided by j(-2)?
48
Let h = -197 - -247. Suppose h*p = 48*p + 94. What is the remainder when p is divided by 18?
11
Suppose 0 = -6*m + 397 + 815. Suppose 0 = 4*x + 5*f - 167, 5*x - 4*f + m = 10*x. Calculate the remainder when x is divided by 12.
2
Let w(q) be the third derivative of 3*q**4/8 - 26*q**3/3 - 47*q**2. Calculate the remainder when w(6) is divided by 1.
0
Let o(w) = -w**2 + 14*w - 27. Let j be o(14). Let d = j + 77. What is the remainder when 347 is divided by d?
47
Suppose -4 + 5 = -w + 3*b, 4*b - 33 = -5*w. What is the remainder when 3/w*-1 + 135999/115 is divided by 37?
35
Suppose -71*t - 118 + 1280 = 97. Let o be 1/(((-6)/3)/358). Let a = 281 + o. Calculate the remainder when a is divided by t.
12
Suppose 5*y - 2*u = -3713 + 9633, 2*y - 5*u - 2347 = 0. What is the remainder when y is divided by 6?
4
Let g = -21 + 35. Let u = g + 25. Suppose 0 = 8*y - 605 - 619. What is the remainder when y is divided by u?
36
Let u(x) = x**2 + 37*x - 221. Calculate the remainder when 13243 is divided by u(6).
34
Suppose -334*a + 191*a + 26103 = 196*a. Let x = 89 + -50. Calculate the remainder when a is divided by x.
38
Suppose -61*j - 20 = -65*j. Suppose j*a - 181 = -4*b, 2*b + a = 2*a + 73. What is the remainder when b is divided by 21?
18
Let p(k) = -120*k**3 - 14*k**2 - 7*k + 7. What is the remainder when 308 is divided by p(-1)?
68
Calculate the remainder when 1434 is divided by 245/10*(7 + (-225)/35).
6
What is the remainder when -8*28744/(-288) - 8/18 is divided by 137?
113
What is the remainder when 3505 is divided by ((-1548)/192 - -8)*-2672?
165
Let t(w) be the first derivative of 3/2*w**2 + 3*w + 5/3*w**3 + 13. Calculate the remainder when 64 is divided by t(-2).
13
Suppose -m - o + 4 = -3*o, 5*o - 65 = -5*m. Suppose 276 = m*z - 784. Let l = 193 - z. Calculate the remainder when l is divided by 18.
15
Suppose 18*g + 114 = -135 + 1455. Let y = -32 - -47. Calculate the remainder when g is divided by y.
7
Let y = 6 + -1. Suppose 0*z = -y*z + 175. Calculate the remainder when z is divided by (4/(-14))/(430/(-6020)).
3
Calculate the remainder when (-48)/312 - (2 + (-73521)/39) is divided by 82.
79
Let i(u) = 196*u + 161. Let k(n) = 39*n + 32. Let x(l) = 2*i(l) - 11*k(l). Suppose 13 + 39 = 2*d. What is the remainder when x(-5) is divided by d?
25
Let r(h) = -h**3 - 20*h**2 - 21*h - 30. Let a be r(-19). Suppose -10*w + 12 = -a*w. What is the remainder when ((-42)/5)/(-3)*5 is divided by w?
2
Suppose 4*k - 136*d = -138*d + 2432, 0 = 4*d - 8. What is the remainder when k is divided by 85?
12
Let b be 0 - 46/(-14) - (-82)/(-287). Suppose -b*w + 8 = 2*w + 4*h, -3*w + 18 = -2*h. Calculate the remainder when 11 is divided by w.
3
Suppose 9*k - 218 - 106 = 0. Suppose 33*l + 367 = 4492. What is the remainder when l is divided by 208/k + 4/18?
5
Suppose -2165 + 629 = -256*i. Suppose -3*x - z + 155 = z, x - 49 = 2*z. What is the remainder when x is divided by i?
3
Let j = -7977 - -8811. Calculate the remainder when j is divided by 12.
6
Let a = -12111 - -12418. Calculate the remainder when a is divided by 100.
7
Let r be (-36)/8*(-8)/(-6). Let t be ((-12